= 8*b - 0*b - 24. Let k(s) = 2*s**2 - 3*s + 13. What are the prime factors of k(b)?
2, 11
Suppose -3*f + 1 = 4*n, -n = 5*f - 3*f + 6. Suppose t = -n*t + 1550. What are the prime factors of t?
2, 5, 31
Suppose 426 = 5*a - 2*a. Suppose 0*v + 5*v = -20, -a = 5*p - 2*v. Let y = p + 77. List the prime factors of y.
47
Suppose -m + 4*b - 20 = -4*m, 0 = -2*m + 5*b - 25. Suppose s = m, -7*s = 4*u - 2*s - 260. What are the prime factors of u?
5, 13
Suppose -7*q = -5*q + 2, -2*p + 1860 = 2*q. What are the prime factors of p?
7, 19
Let v = -14 + 30. List the prime factors of v/(-4) - (-31 + 5).
2, 11
Suppose -506 + 29 = -3*w. List the prime factors of w.
3, 53
What are the prime factors of ((-275)/(-20) + (-3)/4)*31?
13, 31
List the prime factors of (-80)/(-140) - (2439/(-7) - 4).
353
Let s = 4673 - 2930. List the prime factors of s.
3, 7, 83
Suppose 0 = 4*q + 4*x - 1252, -2*x = -3*q + 917 + 42. What are the prime factors of q?
317
Let k(z) = -84*z - 229. List the prime factors of k(-20).
1451
Let s(m) = 44*m + 8. Let q be -9*((-2)/(-18) - 7/21). List the prime factors of s(q).
2, 3
Let p(y) = y**3 + 4*y**2. Let r be p(-4). Suppose r = 6*m - 4*m - 22. Suppose 0 = 8*k - m*k + 39. List the prime factors of k.
13
What are the prime factors of (-3)/2 + 3 + 4734/12?
2, 3, 11
Let d(z) = z**3 + 9*z**2 + 2*z + 20. Suppose -5*g - 9 = -4*g. List the prime factors of d(g).
2
Let x = -30 - -16. Let o = x + 16. Suppose -17 = -y + o*v, 2*y + v + 0*v - 54 = 0. What are the prime factors of y?
5
Suppose -b + 4*v = -5*b - 40, b - 2*v + 19 = 0. Let t(z) = -3*z. Let h be t(-5). Let f = h + b. List the prime factors of f.
2
What are the prime factors of 2/(7 - 29776/4254)?
2, 3, 709
Let b(r) = 2*r - 4. Suppose 0 = -0*a - a + 9. Let g be b(a). Let y = 22 - g. What are the prime factors of y?
2
Let k = -14 + 8. Let m = 3 + k. List the prime factors of (-5 - m) + 0 - -18.
2
Let q(j) = j**3 - 7*j**2 + 4*j + 12. Let w be q(6). Suppose w = 4*p + 2*t + t - 2, -6 = -2*p + t. List the prime factors of (-2863)/(-77) + p/(-11).
37
Suppose 5*q - 70 + 15 = 0. Let v be ((-100)/15)/(4/(-6)). Suppose -l + v = -q. What are the prime factors of l?
3, 7
Suppose -m = -3*w - 355 + 2563, -5*m = 15. List the prime factors of w.
3, 5, 7
What are the prime factors of (1 + 5/((-30)/(-96)))*82?
2, 17, 41
Let b be ((-1125)/60)/((-2)/24). Suppose -4*f + 9*f = b. What are the prime factors of 305/f + 6/27?
7
Let c(q) = q**3 - 5*q**2 + 6*q - 6. Let d be c(4). Let u(j) = j + 3 - d + 0*j. What are the prime factors of u(8)?
3
Suppose 6*d - 18 = 6. Suppose 2*l + 2 = n, -2*n + d = 5*l - 0*l. What are the prime factors of (-51)/(-2)*(2 + l)?
3, 17
Let j(q) = -5*q**2 + 8*q - 3. Let h(v) = 3*v**2 - 5*v + 2. Let n(a) = -8*h(a) - 5*j(a). Let i be n(7). Suppose -17 = -5*c + i. List the prime factors of c.
13
Let p(r) = 193*r**3 - r**2 + 4*r + 2. Let j be (-4)/(-10) + 120/(-50). Let c be p(j). What are the prime factors of ((-1)/(-3))/((-14)/c)?
37
Let b = 12 - 7. Suppose 25*a - 651 = 149. Suppose l = b*l - a. What are the prime factors of l?
2
What are the prime factors of (-16902)/(-5) + 74/(-185)?
2, 5, 13
Let l(s) = s**2 + 6*s - 4. Let g be l(-7). Let j(v) = 5*v. Let k be j(1). Suppose -1 = -k*t - 3*p, -2*t - 11 = -3*t + g*p. What are the prime factors of t?
2
Let k = 52 - -27. Suppose 4*x + k = 5*x. Suppose 5*i - 9 = 5*s - x, 4 = -4*i. What are the prime factors of s?
13
Suppose 6212 = 2*v + 5*c, -2*v - 6200 = -4*v - 2*c. List the prime factors of v.
2, 3, 43
Suppose 5*o = u + 4404, -5*o = -22*u + 19*u - 4402. What are the prime factors of o?
881
Suppose 42 = 3*d - 6*d. Let l = -84 - -83. What are the prime factors of (-343)/d + l/(-2)?
5
Let v(z) = 0 + 6 - z - 5. Let i be v(-11). List the prime factors of 1/((i/56)/3).
2, 7
Suppose 915 = 2*o - 95. List the prime factors of o.
5, 101
Let o(t) = -t**2 - 2*t + 2. Let j be 4/(-8) - (-1)/2. Let a be o(j). Suppose 0 = -7*q + a*q + 365. List the prime factors of q.
73
Let y(l) = -2*l - 1 + 0 + 4 + 4*l**2 + 3*l**3. Let k be y(-4). List the prime factors of (-2)/8 - k/4.
29
Suppose 18*b - 12*b - 17436 = 0. List the prime factors of b.
2, 1453
Let k(v) = 55*v**2 + 2*v - 1. Let q be k(1). Let p = -84 + q. List the prime factors of (-14)/p*(114 + 0).
3, 19
Suppose -w - 3*w - 23 = 3*z, 2*w + 24 = -4*z. Let i = 20 + z. List the prime factors of i.
3, 5
Let f(g) = 3*g - 2. Let r be f(-2). List the prime factors of (-2 - -4)*(-380)/r.
5, 19
Let k = 658 - -700. Suppose -9*n - 494 = -k. What are the prime factors of n?
2, 3
Let b(g) = -4*g + 1. Let h be b(-4). Suppose 4*n - 2*m - h = -3*m, -10 = n + 5*m. Suppose 16 = -5*l + l, 0 = 3*j - n*l - 83. List the prime factors of j.
3, 7
Suppose 346 = 2*f + 4*a - 2*a, -4*f + 3*a = -692. Let n = f + -287. Let i = -71 - n. What are the prime factors of i?
43
Let g = 637 - -1012. What are the prime factors of g?
17, 97
Suppose -460 - 765 = -5*x. Suppose 0 = 2*v - x - 71. What are the prime factors of v?
2, 79
Let v(k) = k**3 + 2*k**2 + 2*k + 20. List the prime factors of v(0).
2, 5
Suppose -5*a - 74 - 1 = 0. Let d = 19 + a. Suppose 3*i + d = 4*i. What are the prime factors of i?
2
Suppose 10 = -9*h + 7*h. List the prime factors of 27 + h - (1 + -1).
2, 11
Suppose -4*q = -5*v + 36, 8 = 4*v - 2*q - 16. What are the prime factors of v?
2
Let o(v) = -3*v**2 - 3*v - 2. Let y be o(-2). List the prime factors of (-930)/(-12) - (-12)/y.
2, 19
Suppose -30 = -2*w - 4*t, 3*w - 4*t - 24 = -w. Let y = w - -13. Suppose y = 4*l - 2*l. What are the prime factors of l?
11
Let m(s) = 8*s**2 - 10*s + 24. Let y be m(5). Let r = 467 - y. What are the prime factors of r?
293
Suppose -38*b + 37*b = -314. What are the prime factors of b?
2, 157
Let m(h) = 7*h**2 + 25*h + 1. Let x be m(-11). Suppose 0 = -4*o - 3*i + x, -8*o = -3*o + 5*i - 710. List the prime factors of o.
3, 7
Suppose -4*s - 12 = -3*h, 5*s - 12 = -5*h + 2*h. Suppose s = -0*d + 3*d + 21. What are the prime factors of d/(-2)*(-24)/(-14)?
2, 3
Suppose -117 = -4*z - 41. Let y = z - 21. Let t(c) = -25*c - 1. What are the prime factors of t(y)?
7
Let t be (-2 - 2)/(-4) - 21. Let b = 29 + t. Suppose -5*k + 36 = -b. What are the prime factors of k?
3
Suppose 0 = h - 54*t + 52*t - 4328, 5*h - 21628 = -2*t. List the prime factors of h.
2, 3, 7, 103
Let g(a) = 7*a**3 - 2*a**2 - 3*a - 8. Let s be g(4). Suppose -4*i - 3*t = -0*i - 396, -4*i + t = -s. What are the prime factors of i?
3, 11
Let s = -155 - 77. List the prime factors of (-20)/(-15) - s/6.
2, 5
Suppose 0 = -v + 3*y + 1812, -28*y - 3627 = -2*v - 19*y. List the prime factors of v.
3, 67
Let j(z) = -12*z - 4 + 14*z + 10*z**3 - 15*z**3 + 7*z**2 + 4*z**3. List the prime factors of j(6).
2, 11
Let t = 322 + 689. List the prime factors of t.
3, 337
Let s(d) = -d**3 + d**2 - 4*d + 3. Suppose -2*y - 2 = -6. Let m be s(y). Let l(p) = -p**2 - 11*p + 1. What are the prime factors of l(m)?
19
Let f(o) = -37*o - 54 - 21 - 19. What are the prime factors of f(-7)?
3, 5, 11
Let z = -11 - -13. Suppose 4*b - 266 = -z*h + 3*h, 5*h + 10 = 0. What are the prime factors of b?
2, 3, 11
Suppose 3*v + 4*p - 14 = 0, v + 3*p = 12 - 4. Let g be v + 0*(-2)/(-8). Suppose -2*t + 12 = t, -g*s + 2*t = -4. List the prime factors of s.
2, 3
Suppose 28 = -8*j - 220. Let a = j + 40. List the prime factors of a.
3
Let f(n) = n**3 - n**2 - 2*n + 2. Let m be f(0). Suppose m*c - 82 = 3*b, 5*b + 72 = 3*c - 52. List the prime factors of c.
2, 19
Suppose 3*c - 427 + 1315 = 0. Let w = 468 + c. List the prime factors of w.
2, 43
Let y(s) = s**3 - 4*s**2 - 7*s - 7. Let w be y(6). List the prime factors of (w/(-4 + 3))/(1/(-2)).
2, 23
Suppose 5*j + 5*l - 4825 = -0*j, -2*l = -4*j + 3860. List the prime factors of j.
5, 193
Suppose -2*u + x + 2*x = -14, -5*x = 4*u - 28. Let c(b) = b**3 + 2*b - 5 - 7*b**2 + 0*b**3 + 2*b. What are the prime factors of c(u)?
23
Suppose -4*v - 1063 = -g, -4*g + 4197 = -4*v - v. List the prime factors of g.
7, 149
Let r(h) = h**3 - 3*h**2 - 3*h - 2. Let g be r(4). What are the prime factors of g/(-3) - -1 - (-1149)/9?
2
Let q(m) = 5*m**3 + 10*m**2 + 2*m. Let r(w) = -14*w**3 - 29*w**2 - 6*w. Let u(x) = 11*q(x) + 4*r(x). What are the prime factors of u(-7)?
3, 7
Let o = -25 - -968. List the prime factors of o.
23, 41
Let m be (1/2)/(2/96). Let s = m - -2. What are 